*u + 20. Let o(i) = i**2 + i. Let s(g) = 3*o(g) + v(g). What is the remainder when s(10) is divided by 24?
22
Suppose 0 = 8*h - 2468 + 1924. Suppose 2*k - 42 = 4. What is the remainder when h is divided by k?
22
Calculate the remainder when 418 is divided by 5/3*3*120/150.
2
Let m(r) = -r**3 - 16*r**2 + 13*r - 10. Suppose 13 + 37 = 4*x - g, 2*x - 20 = -2*g. Calculate the remainder when m(-17) is divided by x.
10
Suppose -4*i + i = -30. Suppose -i*l + 6*l = -20. Suppose 2*k - 3*t + 7*t = 110, 0 = l*k - 2*t - 251. What is the remainder when k is divided by 18?
15
Let i(j) = j + 11. Let m(v) = v**2 + 2*v + 1. Let y = -10 + 13. Calculate the remainder when m(y) is divided by i(-5).
4
Suppose -5*d - l = -0*d - 26, -2*d + 2*l = -20. What is the remainder when (-6 + 105/9)/(5/15) is divided by d?
5
Suppose 13 = 2*o - 3. Let s = 31 + -2. Calculate the remainder when s is divided by o.
5
Suppose -3*l = -80 - 772. Suppose 3*h - 3*r = r + 213, l = 4*h + r. Calculate the remainder when h is divided by 12.
11
What is the remainder when 3133/19 + (-22)/(-209) is divided by 44?
33
What is the remainder when 4 + (75 - (3 - -1)) is divided by 20?
15
Let l(k) = k**3 - k**2 - 4*k + 28. What is the remainder when l(0) is divided by 10?
8
Suppose 7*w = 3*w - 2*k + 66, -45 = -2*w - 5*k. Calculate the remainder when 86 is divided by w.
11
Let s(o) = -3*o - 25. Let i be s(-12). Suppose -4*q = -i - 41. Calculate the remainder when q is divided by 3.
1
Let k = -576 - -634. Calculate the remainder when 129 is divided by k.
13
Let i(d) = 2*d**2 + 92*d + 314. Calculate the remainder when i(-43) is divided by 46.
10
Let c = 69 + 9. What is the remainder when 226 is divided by c?
70
Let i be (-1 - 4)*52/(2 - 6). Calculate the remainder when 2/4*i*2 is divided by 33.
32
Suppose 3*c - 15 = 0, 6*a - 2*a - 264 = 4*c. What is the remainder when 152 is divided by a?
10
Let r = 69 - -74. Let i be (-2)/9 - 812/(-9). Let k = r - i. What is the remainder when k is divided by 14?
11
Let w = 125 + -122. Let c(n) be the first derivative of 2*n**3/3 - n - 5. Calculate the remainder when w is divided by c(-1).
0
Suppose 2*w + 25 = -5*t, 5*w - 8*t = -6*t - 48. Let l = 53 - -4. What is the remainder when l is divided by (-25)/(-3)*2/w*-6?
7
Let s = 1260 + -1058. What is the remainder when s is divided by 10?
2
Let g(j) = -j**3 - 6*j**2 - j - 7. Let b be g(-6). Let n(z) = -13*z**3 + 1. Suppose 48*y - 429 + 189 = 0. Calculate the remainder when n(b) is divided by y.
4
Suppose 0 = -14*q - 1428 - 210. Let k = q + 141. What is the remainder when 119 is divided by k?
23
Suppose 560 = 5*f - 0*f. Suppose -2*t - f = -4*w, -w - w + 5*t = -48. Calculate the remainder when w is divided by 16.
13
Let y = -20 - -21. Let j be y - 2*(-1 + 0). Suppose -u + 50 - 15 = -2*i, -j*i = 0. Calculate the remainder when u is divided by 12.
11
Suppose 10 = 5*f + 5. Let r = f + 1. What is the remainder when (-497)/(-14)*r*1 is divided by 18?
17
What is the remainder when 4/3*((-1210)/(-20) - -1) is divided by 44?
38
Let x = 929 - 379. What is the remainder when x is divided by 46?
44
Suppose -5*c - 924 = -24. Calculate the remainder when c/(-50) + 9/(-15) is divided by 1.
0
Suppose 0 = -4*h - 8, -4*t - 2*h = -300 - 76. Suppose 3*i - o - t = 0, -5*o + 114 = 2*i + 2*i. Calculate the remainder when i is divided by 12.
7
Let v(n) = 11*n**2 - 49*n - 1. What is the remainder when 722 is divided by v(5)?
26
Suppose 4*q - 10 = o, -o + 5 = 5*q - 3. Suppose 150 = 3*y + 47*k - 46*k, 0 = 3*y - 2*k - 132. What is the remainder when y is divided by -2*(2 + 21/o)?
14
Suppose 0 = 3*p + 2*p - 55. Let q(h) = -h**2 + 9*h + 2. Let a be q(6). What is the remainder when p is divided by 34/5 - (-4)/a?
4
Suppose 35*o = 50*o - 930. Calculate the remainder when o is divided by 16.
14
Suppose 67 = -4*y - 13. Calculate the remainder when -69*(y/21 - (-22)/77) is divided by 13.
7
Suppose -137*r - 310 = -168*r. Suppose 5*z - 45 = -3*d - d, 3*z - 27 = d. Calculate the remainder when r is divided by z.
1
Suppose 4*p - 3*s = -103 - 436, 0 = 2*p - 5*s + 287. Let r = p + 158. What is the remainder when 161 is divided by r?
26
Suppose 5*d = 40 - 15. Calculate the remainder when d is divided by (0 - (0 - -2))*1 + 6.
1
Let w = 1 - -216. Calculate the remainder when w is divided by 56.
49
Let u(t) be the second derivative of -t**3/2 + 3*t**2 - 17*t. Calculate the remainder when u(-2) is divided by 7.
5
Let g(m) = -117*m + 5. Let x be g(-1). Let h = x - 107. Calculate the remainder when 44 is divided by h.
14
Let n = -9 + 19. Let r(v) = -v**2 + 19*v - 71. Calculate the remainder when r(8) is divided by n.
7
Suppose 4*z - 2 = 2. Suppose -i = -2*b - 0*b + z, -5*i = -b - 4. Calculate the remainder when 2 + (3 + 13)/i is divided by 7.
4
Suppose r = -2*r + 9. Calculate the remainder when 14 is divided by 13 - r - (1 + 0).
5
Suppose 0 = -i + 3, 5*v - 4*i = 53. Let u = -23 + 34. Let k = -3 + u. What is the remainder when v is divided by k?
5
Suppose 3*x - 28 = x. Suppose -6 = 5*g - 26, 2*l - g + 14 = 0. Let j = 31 + l. What is the remainder when j is divided by x?
12
Suppose -3*y - 3*z - 2*z + 14 = 0, 2*z = -4*y + 14. Suppose g + y*i + 2 = 21, i = g - 15. What is the remainder when 61 is divided by g?
13
Suppose -12 = -4*q, -p + 3*p = -q - 5. Calculate the remainder when 51 is divided by (p - 1)*9/(-5).
6
Let c(r) = -r**3 - 11*r**2 - 9*r - 71. Calculate the remainder when 106 is divided by c(-11).
22
Suppose -4*y = -2*y - 38. Suppose 0 = 3*t - 13*t + 370. What is the remainder when t is divided by y?
18
Suppose g + 5*a - 102 = 0, 6*a = -5*g + 5*a + 414. Calculate the remainder when g is divided by 24.
10
Suppose -1992 = -19*y - 5*y. What is the remainder when 328 is divided by y?
79
Suppose -3*o - 66 = -3*p, -5*o + 3*o = -3*p + 63. Suppose 0 = 4*n - 0*i - i - 137, 4*i = -5*n + 145. Calculate the remainder when n is divided by p.
14
Suppose 2 = 2*c - 6. Suppose -2*a = 5*t - 267, -3*a - 60 = -c*t + 149. What is the remainder when t is divided by 19?
15
Suppose -5*b + 2*b = -3. What is the remainder when b is divided by 1/(-6)*(8 - (-13 - -27))?
0
Let k = 73 + -60. Calculate the remainder when 194 is divided by k.
12
Let f be ((-16)/120)/(3/30)*-243. Let x(t) = -2*t**2 + 1. Let y be x(1). Calculate the remainder when 1/((-320)/f - y) is divided by 28.
25
Let j = 1317 + -1218. What is the remainder when j is divided by 82?
17
Let x(b) = b**3 + b**2 - 1. Let h(c) = -7*c**3 - 10*c**2 + 4*c - 6. Let j(n) = h(n) + 6*x(n). Calculate the remainder when j(-6) is divided by 10.
6
Suppose 5*j + 3*f - 264 = 0, -12*f + 10*f - 198 = -4*j. Calculate the remainder when 215 is divided by j.
11
Suppose 43*b - 1280 = 10. What is the remainder when 63 is divided by b?
3
Let s(i) = 3*i**3 - 18*i**2 + 14*i - 1. What is the remainder when s(7) is divided by 35?
34
Let k(x) = 596*x**2 - 2*x. Let y be k(-1). Suppose -5*g + 32 + y = 0. What is the remainder when g is divided by 32?
30
Suppose -185 = -3*j - 2*j. What is the remainder when ((-4)/2 - 0)*j*-1 is divided by 21?
11
Suppose -m - 3*k + 39 = -2*k, 5*m = -2*k + 192. What is the remainder when ((-19)/m)/((-1)/118) is divided by 31?
28
Suppose 34*b = 333 + 109. Calculate the remainder when 28 is divided by b.
2
Suppose 3*z + 3*h - 165 = 0, 4*z - 8*h - 224 = -10*h. Calculate the remainder when 166 is divided by z.
52
Let j = 454 - 28. Let p be j/(-18) - 1/3. Let z = p - -55. Calculate the remainder when z is divided by 16.
15
Suppose -4*b = y - 647, -48 + 56 = -2*b. What is the remainder when y is divided by 74?
71
Suppose -2*p - 3*x + 171 = 0, -5*p - 127 = 2*x - 549. Suppose -5*v = -5*s - 85, 0 = 5*v - 2*v - 4*s - 46. Calculate the remainder when p is divided by v.
18
Let g(k) = k**2 - 6*k + 2. Let i be g(6). Suppose 0 = i*j + j - 189. Suppose -5*n - 2*d + 8 = -4*n, -n = 5*d + 4. What is the remainder when j is divided by n?
15
Let b(t) = 5*t - 45. Let v be b(19). Suppose 0 = -3*o, -3*o + 4*o = -5*k + v. What is the remainder when 27 is divided by k?
7
Let s(a) = 30*a - 112. What is the remainder when 183 is divided by s(5)?
31
Suppose -2*m + 94 = 8. What is the remainder when (-8)/3*(2 - 197/4) is divided by m?
40
Calculate the remainder when (-154)/(-539) - 8013/(-7) is divided by 46.
41
Let m = 7967 - 7953. Suppose -7*k + 3*k - 2